logcat - CyanogenMod JIRA

May 6, 2018 | Author: Anonymous | Category: Engineering & Technology, Computer Science
Share Embed Donate


Short Description

Download logcat - CyanogenMod JIRA...

Description

--------- beginning of /dev/log/system
I/Vold ( 161): Vold 2.1 (the revenge) firing up
D/Vold ( 161): Volume sdcard state changing -1 (Initializing) -> 0 (No-Media)
D/Vold ( 161): Volume sdcard state changing 0 (No-Media) -> 2 (Pending)
D/DirectVolume( 161): DirectVolume::handlePartitionAdded -> MAJOR 179, MINOR 1, PARTN 1
D/Vold ( 161): Volume sdcard state changing 2 (Pending) -> 1 (IdleUnmounted) --------- beginning of /dev/log/main
D/AudioHardware7x30( 170): msm_mixer_open: Opening the device
D/AudioHardware7x30( 170): msm_mixer_count:mixer_cnt =53
I/AudioHardware7x30( 170): ******* name[0] = [handset_rx] *********
I/AudioHardware7x30( 170): ******* name[1] = [handset_tx] *********
I/AudioHardware7x30( 170): ******* name[2] = [headset_stereo_rx] *********
I/AudioHardware7x30( 170): ******* name[3] = [headset_mono_rx] *********
I/AudioHardware7x30( 170): ******* name[4] = [headset_mono_tx] *********
I/AudioHardware7x30( 170): ******* name[5] = [fmradio_handset_rx] *********
I/AudioHardware7x30( 170): ******* name[6] = [speaker_stereo_rx] *********
I/AudioHardware7x30( 170): ******* name[7] = [fmradio_speaker_rx] *********
I/AudioHardware7x30( 170): ******* name[8] = [fmradio_headset_rx] *********
I/AudioHardware7x30( 170): ******* name[9] = [handset_dual_mic_endfire_tx] *********
I/AudioHardware7x30( 170): ******* name[10] = [handset_dual_mic_broadside_tx] *********
I/AudioHardware7x30( 170): ******* name[11] = [speaker_dual_mic_endfire_tx] *********
I/AudioHardware7x30( 170): ******* name[12] = [speaker_mono_tx] *********
I/AudioHardware7x30( 170): ******* name[13] = [tty_headset_mono_rx] *********
I/AudioHardware7x30( 170): ******* name[14] = [tty_headset_mono_tx] *********
I/AudioHardware7x30( 170): ******* name[15] = [speaker_mono_rx] *********
I/AudioHardware7x30( 170): ******* name[16] = [headset_speaker_mono_rx] *********
I/AudioHardware7x30( 170): ******* name[17] = [ringtone_speaker_stereo_rx] *********
I/AudioHardware7x30( 170): ******* name[18] = [ringtone_speaker_mono_rx] *********
I/AudioHardware7x30( 170): ******* name[19] = [handset_spkr_hac_rx] *********
I/AudioHardware7x30( 170): ******* name[20] = [headphone_mic_tx] *********
I/AudioHardware7x30( 170): ******* name[21] = [headset_stereo_speaker_stereo_rx] *********

I/AudioHardware7x30( 170): ******* name[22] = [headphone_mic_endfire_tx] *********
I/AudioHardware7x30( 170): ******* name[23] = [speaker_secondary_mic_tx] *********
I/AudioHardware7x30( 170): ******* name[24] = [speaker_dual_mic_endfire_tx_real_stereo] *********
I/AudioHardware7x30( 170): ******* name[25] = [handset_skt_rx] *********
I/AudioHardware7x30( 170): ******* name[26] = [handset_skt_tx] *********
I/AudioHardware7x30( 170): ******* name[27] = [handset_dual_mic_endfire_skt_tx] *********
I/AudioHardware7x30( 170): ******* name[28] = [handset_vzw_rx] *********
I/AudioHardware7x30( 170): ******* name[29] = [handset_vzw_tx] *********
I/AudioHardware7x30( 170): ******* name[30] = [handset_dual_mic_endfire_vzw_tx] *********
I/AudioHardware7x30( 170): ******* name[31] = [handset_asr_tx] *********
I/AudioHardware7x30( 170): ******* name[32] = [xloud_speaker_stereo_rx] *********
I/AudioHardware7x30( 170): ******* name[33] = [xloud_speaker_mono_rx] *********
I/AudioHardware7x30( 170): ******* name[34] = [bt_sco_rx] *********
I/AudioHardware7x30( 170): ******* name[35] = [bt_sco_tx] *********
I/AudioHardware7x30( 170): ******* name[36] = [bt_carkit_rx] *********
I/AudioHardware7x30( 170): ******* name[37] = [bt_carkit_tx] *********
I/AudioHardware7x30( 170): ******* name[38] = [bt_dsp_sco_rx] *********
I/AudioHardware7x30( 170): ******* name[39] = [bt_dsp_sco_tx] *********
I/AudioHardware7x30( 170): ******* name[40] = [hdmi_stereo_rx] *********
I/AudioHardware7x30( 170): ******* name[41] = [fmradio_stereo_tx] *********
I/AudioFlinger( 170): loadHwModule() Loaded primary audio interface from QCOM Audio HW HAL (audio) handle 1
D/AudioHardware7x30( 170): AudioHardware::openOutputStream devices 2 format 1 channels 3 samplerate 44100
I/AudioFlinger( 170): HAL output buffer size 1200 frames, normal mix buffer size 1200 frames
W/Zygote ( 168): Class not found for preloading: android.animation.ValueAnimator$2
W/Zygote ( 168): Class not found for preloading: android.animation.ValueAnimator$3
W/Zygote ( 168): Class not found for preloading: android.animation.ValueAnimator$4
W/Zygote ( 168): Class not found for preloading: android.animation.ValueAnimator$5
I/AudioMixer( 170): found effect "Multichannel Downmix To Stereo" from The Android Open Source Project
I/AudioFlinger( 170): Using module 1 has the primary audio interface
D/AudioHardwareInterface( 170): setMode(NORMAL)
I/AudioHardware7x30( 170): Set master volume to 7.
I/AudioFlinger( 170): AudioFlinger's thread 0x174a8 ready to run
W/AudioFlinger( 170): Thread AudioOut_2 cannot connect to the power manager service
I/AudioHardware7x30( 170): Routing audio to Speakerphone
D/AudioHardware7x30( 170): new_rx = 15
D/AudioHardware7x30( 170): new_tx = 12

E/AudioHardware7x30( 170): updateDeviceInfo: E rx_device 2 and tx_device 3
D/AudioHardware7x30( 170): No active voicecall/playback, disabling cur_rx 65535
D/AudioHardware7x30( 170): No active voicecall/recording, disabling cur_tx 65535
E/AudioHardware7x30( 170): updateDeviceInfo: X cur_rx 2 cur_tx 3
D/AudioHardware7x30( 170): AudioStreamOutMSM7x30::standby()
D/AudioHardware7x30( 170): setVoiceVolume(0.000000)
I/AudioHardware7x30( 170): Setting in-call volume to 0 (available range is 0 to 100)
E/AudioHardware7x30( 170): msm_set_voice_rx_vol(0) failed errno = 1
I/AudioFlinger( 170): loadHwModule() Loaded a2dp audio interface from A2DP Audio HW HAL (audio) handle 3
E/AudioFlinger( 170): int android::load_audio_interface(char const*, audio_hw_device_t**) couldn't load audio hw module audio.usb (No such file or directory)
I/AudioFlinger( 170): loadHwModule() error -2 loading module usb
W/AudioPolicyManagerBase( 170): could not open HW module usb
I/AudioPolicyService( 170): Loaded audio policy from QCOM Audio Policy HAL (audio_policy)
W/Zygote ( 168): Class not found for preloading: android.content.res.Resources$1
W/Zygote ( 168): Class not found for preloading: android.database.sqlite.SQLiteCompiledSql
W/Zygote ( 168): Class not found for preloading: android.database.sqlite.SQLiteDatabase$DatabaseReentrantLock
D/TextLayoutCache( 168): Using debug level = 0 - Debug Enabled = 0
I/dalvikvm( 168): threadid=1: recursive native library load attempt (/system/lib/libmedia_jni.so)
D/MtpDeviceJNI( 168): register_android_mtp_MtpDevice
I/dalvikvm( 168): threadid=1: recursive native library load attempt (/system/lib/libmedia_jni.so)
I/dalvikvm( 168): threadid=1: recursive native library load attempt (/system/lib/libmedia_jni.so)
W/Zygote ( 168): Class not found for preloading: android.media.IRemoteControlClientDispatcher
W/Zygote ( 168): Class not found for preloading: android.media.IRemoteControlClientDispatcher$Stub
W/Zygote ( 168): Class not found for preloading: android.os.Power
W/Zygote ( 168): Class not found for preloading: android.text.TextDirectionHeuristics$CharCount
W/Zygote ( 168): Class not found for preloading: android.text.method.WordIterator$1
W/Zygote ( 168): Class not found for preloading: android.view.InputHandler
W/Zygote ( 168): Class not found for preloading: android.view.InputQueue$FinishedCallback
W/Zygote ( 168): Class not found for preloading: android.view.ViewRootImpl$3
I/dalvikvm( 168): threadid=1: recursive native library load attempt (/system/lib/libwebcore.so)
D/dalvikvm( 168): No JNI_OnLoad found in /system/lib/libchromium_net.so 0x0, skipping init

D/dalvikvm( 168): GC_FOR_ALLOC freed 621K, 36% free 1641K/2560K, paused 31ms, total 32ms
W/Zygote ( 168): Class not found for preloading: android.widget.EdgeGlow
W/Zygote ( 168): Class not found for preloading: android.widget.TextView$Blink
W/Zygote ( 168): Class not found for preloading: android.widget.TextView$EasyEditSpanController
W/Zygote ( 168): Class not found for preloading: android.widget.TextView$InputContentType
W/Zygote ( 168): Class not found for preloading: android.widget.TextView$InputMethodState
W/Zygote ( 168): Class not found for preloading: android.widget.TextView$TextAlign
E/PhonePolicy( 168): Could not preload class for phone policy: com.android.internal.policy.impl.PhoneWindow$ContextMenuCallback
W/Zygote ( 168): Class not found for preloading: java.text.DecimalFormat$1
I/System ( 168): Loaded time zone names for in 259ms (255ms in ICU)
I/System ( 168): Loaded time zone names for en_US in 130ms (125ms in ICU)
I/Zygote ( 168): ...preloaded 2281 classes in 3329ms.
D/dalvikvm( 168): GC_EXPLICIT freed 908K, 30% free 2157K/3075K, paused 1ms+3ms, total 31ms
I/Zygote ( 168): Preload resources disabled, skipped.
D/dalvikvm( 168): GC_EXPLICIT freed 8K, 31% free 2148K/3075K, paused 1ms+1ms, total 17ms
D/dalvikvm( 168): GC_EXPLICIT freed unmounted)
I/PackageManager( 393): No secure containers on sdcard
W/MountService( 393): getSecureContainerList() called when storage not mounted
D/VoldCmdListener( 161): asec list
W/PackageManager( 393): Not granting permission android.permission.MODIFY_PHONE_STATE to package com.fjsoft.myphoneexplorer.client (protectionLevel=18 flags=0x8be44)
W/PackageManager( 393): Not granting permission android.permission.BROADCAST_PACKAGE_REMOVED to package com.fjsoft.myphoneexplorer.client (protectionLevel=2 flags=0x8be44)
W/PackageManager( 393): Unknown permission android.permission.ADD_SYSTEM_SERVICE in package com.android.phone
W/PackageManager( 393): Not granting permission android.permission.READ_FRAME_BUFFER to package com.sand.airdroid (protectionLevel=18 flags=0x28be44)

W/PackageManager( 393): Unknown permission com.android.vending.billing.IBillingAccountService.BIND2 in package com.google.android.gsf.login
W/PackageManager( 393): Unknown permission com.android.chrome.TOS_ACKED in package com.google.android.gsf.login
W/PackageManager( 393): Not granting permission android.permission.SEND_DOWNLOAD_COMPLETED_INTENTS to package com.android.browser (protectionLevel=2 flags=0x9be45)
W/PackageManager( 393): Unknown permission com.google.android.gm.permission.READ_GMAIL in package com.google.android.talk
W/PackageManager( 393): Unknown permission com.cyanogenmod.filemanager.permissions.READ_THEME in package com.cyanogenmod.filemanager
W/PackageManager( 393): Not granting permission android.permission.READ_LOGS to package com.evernote (protectionLevel=50 flags=0x38be46)
W/PackageManager( 393): Unknown permission android.permission.READ_OWNER_DATA in package com.google.android.setupwizard
W/PackageManager( 393): Unknown permission android.permission.WRITE_OWNER_DATA in package com.google.android.setupwizard
I/SystemServer( 393): Text Service Manager Service
W/PackageManager( 393): Unknown permission com.google.android.voicesearch.SHORTCUTS_ACCESS in package com.google.android.googlequicksearchbox
W/PackageManager( 393): Unknown permission com.google.googlenav.friend.permission.OPT_IN in package com.google.android.googlequicksearchbox
W/PackageManager( 393): Unknown permission com.google.android.apps.maps.permission.PREFETCH in package com.google.android.googlequicksearchbox
W/PackageManager( 393): Unknown permission com.google.android.apps.googlevoice.permission.AUTO_SEND in package com.google.android.googlequicksearchbox
W/PackageManager( 393): Unknown permission com.google.android.gm.permission.AUTO_SEND in package com.google.android.googlequicksearchbox
W/PackageManager( 393): Not granting permission android.permission.SEND_DOWNLOAD_COMPLETED_INTENTS to package com.android.vending (protectionLevel=2 flags=0xabec5)
W/PackageManager( 393): Unknown permission android.permission.MANAGE_USERS in package com.android.vending
W/PackageManager( 393): Unknown permission android.permission.INTERACT_ACROSS_USERS in package com.android.vending
W/PackageManager( 393): Unknown permission android.permission.ACCESS_4G_RADIO_DISABLE in package com.android.systemui
W/PackageManager( 393): Unknown permission android.permission.ACCESS_4G_STATE in package com.android.systemui
W/PackageManager( 393): Unknown permission android.permission.CHANGE_4G_STATE in package com.android.systemui

W/PackageManager( 393): Not granting permission android.permission.DEVICE_POWER to package com.android.deskclock (protectionLevel=2 flags=0x8be45)
I/SystemServer( 393): NetworkStats Service
I/SystemServer( 393): NetworkPolicy Service
I/SystemServer( 393): Wi-Fi P2pService
I/SystemServer( 393): Wi-Fi Service
I/SystemServer( 393): Connectivity Service
D/ConnectivityService( 393): ConnectivityService starting up
E/ConnectivityService( 393): Ignoring protectedNetwork 10
E/ConnectivityService( 393): Ignoring protectedNetwork 11
E/ConnectivityService( 393): Ignoring protectedNetwork 12
E/MobileDataStateTracker( 393): default: Ignoring feature request because could not acquire PhoneService
E/MobileDataStateTracker( 393): default: Could not enable APN type "default"
I/WifiService( 393): WifiService starting up with Wi-Fi disabled
D/WifiWatchdogStateMachine( 393): Disabling poor network avoidance for wi-fi only device
I/SystemServer( 393): Network Service Discovery Service
D/NsdService( 393): Network service discovery enabled true
D/ProfileService( 393): Found active: 8b6778cf-498c-4b18-9f065c662ac94332
I/SystemServer( 393): Throttle Service
I/SystemServer( 393): UpdateLock Service
I/SystemServer( 393): Profile Manager
D/ProfileService( 393): Set active profile to: 8b6778cf-498c-4b18-9f065c662ac94332 - Default
D/ProfileService( 393): Saving profile data...
D/ProfileService( 393): Save completed.
D/PackageManager( 393): generateServicesMap(android.accounts.AccountAuthenticator): 3 services unchanged
D/PackageManager( 393): generateServicesMap(android.content.SyncAdapter): 10 services unchanged
D/dalvikvm( 393): GC_CONCURRENT freed 1791K, 43% free 4702K/8195K, paused 3ms+3ms, total 103ms
I/SystemServer( 393): Notification Manager
I/SystemServer( 393): Device Storage Monitor
I/SystemServer( 393): Location Manager
I/SystemServer( 393): Country Detector
I/SystemServer( 393): Search Service
I/SystemServer( 393): DropBox Service
I/SystemServer( 393): Wallpaper Service
I/SystemServer( 393): Audio Service
I/AudioService( 393): Remote Control registerMediaButtonIntent() for PendingIntent{2baf64b8: PendingIntentRecord{2baf6480 android broadcastIntent}}
D/AudioHardware7x30( 170): setVoiceVolume(0.800000)
I/AudioHardware7x30( 170): Setting in-call volume to 80 (available range is 0 to 100)
E/AudioHardware7x30( 170): msm_set_voice_rx_vol(80) failed errno = 1
I/SystemServer( 393): Dock Observer
W/DockObserver( 393): This kernel does not have dock station support

I/SystemServer( 393): Wired Accessory Observer
W/WiredAccessoryObserver( 393): This kernel does not have usb audio support
W/WiredAccessoryObserver( 393): This kernel does not have samsung usb dock audio support
W/WiredAccessoryObserver( 393): This kernel does not have HDMI audio support
I/SystemServer( 393): USB Service
I/SystemServer( 393): Serial Service
I/SystemServer( 393): UI Mode Manager Service
I/SystemServer( 393): Backup Service
V/BackupManagerService( 393): Initializing package tracking
V/BackupManagerService( 393): addPackageParticipantsLocked: all
I/BackupManagerService( 393): New app android never backed up; scheduling
D/BackupManagerService( 393): Now staging backup of android
I/BackupManagerService( 393): New app com.android.browser never backed up; scheduling
D/BackupManagerService( 393): Now staging backup of com.android.browser
I/BackupManagerService( 393): New app com.android.calendar never backed up; scheduling
D/BackupManagerService( 393): Now staging backup of com.android.calendar
I/BackupManagerService( 393): New app com.android.inputmethod.latin never backed up; scheduling
D/BackupManagerService( 393): Now staging backup of com.android.inputmethod.latin
I/BackupManagerService( 393): New app com.android.providers.settings never backed up; scheduling
D/BackupManagerService( 393): Now staging backup of com.android.providers.settings
I/BackupManagerService( 393): New app com.android.providers.userdictionary never backed up; scheduling
D/BackupManagerService( 393): Now staging backup of com.android.providers.userdictionary
I/BackupManagerService( 393): New app com.android.sharedstoragebackup never backed up; scheduling
D/BackupManagerService( 393): Now staging backup of com.android.sharedstoragebackup
I/BackupManagerService( 393): New app com.android.vending never backed up; scheduling
D/BackupManagerService( 393): Now staging backup of com.android.vending
V/BackupManagerService( 393): Registering transport android/com.android.internal.backup.LocalTransport = com.android.internal.backup.LocalTransport@2bcb5e40
V/BackupManagerService( 393): Starting with transport com.google.android.backup/.BackupTransportService
V/BackupManagerService( 393): Binding to Google transport
I/BackupManagerService( 393): Found stale backup journal, scheduling
I/BackupManagerService( 393): android
I/BackupManagerService( 393): com.android.providers.settings
I/BackupManagerService( 393): com.android.providers.userdictionary
I/BackupManagerService( 393): com.android.sharedstoragebackup
I/BackupManagerService( 393): com.android.inputmethod.latin
I/BackupManagerService( 393): com.android.calendar

I/BackupManagerService( 393): com.android.browser
I/BackupManagerService( 393): com.android.vending
I/BackupManagerService( 393): Backup enabled => true
I/SystemServer( 393): AppWidget Service
I/SystemServer( 393): Recognition Service
I/SystemServer( 393): DiskStats Service
I/SystemServer( 393): SamplingProfiler Service
I/SystemServer( 393): NetworkTimeUpdateService
I/WindowManager( 393): SAFE MODE not enabled
D/dalvikvm( 393): JIT started for system_server
I/SystemServer( 393): CommonTimeManagementService
I/SystemServer( 393): CertBlacklister
I/SystemServer( 393): AssetRedirectionManager Service
D/PowerManagerService( 393): system ready!
I/Zygote ( 393): Process: zygote socket opened
I/ActivityManager( 393): Sending system update to: ComponentInfo{com.android.providers.media/com.android.providers.media.Med iaUpgradeReceiver}
I/ActivityManager( 393): Sending system update to: ComponentInfo{com.android.providers.contacts/com.android.providers.contac ts.ContactsUpgradeReceiver}
I/ActivityManager( 393): Sending system update to: ComponentInfo{com.android.providers.calendar/com.android.providers.calend ar.CalendarUpgradeReceiver}
I/SystemServer( 393): Enabled StrictMode for system server main thread.
I/ActivityManager( 393): Start proc android.process.media for broadcast com.android.providers.media/.MediaUpgradeReceiver: pid=478 uid=10023 gids={1015, 1023, 1024, 1028, 2001, 3003, 3007}
V/LockPatternKeyguardView( 393): Set visibility on com.android.internal.policy.impl.LockPatternKeyguardView$5@2baf7750 to 0
I/ActivityManager( 393): Launching preboot mode app: ProcessRecord{2ba97c08 478:android.process.media/u0a23}
V/BackupManagerService( 393): Connected to Google transport
V/BackupManagerService( 393): Registering transport com.google.android.backup/.BackupTransportService = com.google.android.backup.BackupTransportService$1@2bc1afc8
I/ActivityManager( 393): Start proc android.process.acore for broadcast com.android.providers.contacts/.ContactsUpgradeReceiver: pid=498 uid=10007 gids={3003, 1015, 1028}
D/dalvikvm( 393): GC_FOR_ALLOC freed 1107K, 38% free 5085K/8195K, paused 46ms, total 53ms
I/dalvikvm-heap( 393): Grow heap (frag case) to 13.170MB for 104992-byte allocation
I/ActivityManager( 393): Launching preboot mode app: ProcessRecord{2ba14168 498:android.process.acore/u0a7}
V/TransportControlView( 393): Create TCV com.android.internal.widget.TransportControlView@2baee160
I/ActivityManager( 393): Start proc com.android.providers.calendar for broadcast com.android.providers.calendar/.CalendarUpgradeReceiver: pid=512 uid=10040 gids={3003, 1015, 1028}
I/ActivityManager( 393): Launching preboot mode app: ProcessRecord{2ba61438 512:com.android.providers.calendar/u0a40}
I/ActivityManager( 393): Writing new set of last done pre-boot receivers...

I/ActivityManager( 393): Removing system update proc: ProcessRecord{2ba97c08 478:android.process.media/u0a23}
I/ActivityManager( 393): Killing proc 478:android.process.media/u0a23: system update done
I/ActivityManager( 393): Removing system update proc: ProcessRecord{2ba14168 498:android.process.acore/u0a7}
I/ActivityManager( 393): Killing proc 498:android.process.acore/u0a7: system update done
I/ActivityManager( 393): Removing system update proc: ProcessRecord{2ba61438 512:com.android.providers.calendar/u0a40}
I/ActivityManager( 393): Killing proc 512:com.android.providers.calendar/u0a40: system update done
I/ActivityManager( 393): System now ready
I/SystemServer( 393): Making services ready
D/SystemServer( 393): Starting service: Intent { cmp=com.android.systemui/.SystemUIService }
I/ActivityManager( 393): Start proc com.android.systemui for service com.android.systemui/.SystemUIService: pid=526 uid=10011 gids={1028, 1015, 3002, 3001}
D/NetworkManagementService( 393): enabling bandwidth control
D/SystemUIService( 526): loading: class com.android.systemui.statusbar.phone.PhoneStatusBar
D/SystemUIService( 526): running: com.android.systemui.statusbar.phone.PhoneStatusBar@2b876c70
I/StatusBarManagerService( 393): registerStatusBar bar=com.android.internal.statusbar.IStatusBar$Stub$Proxy@2ba359d8
I/ActivityManager( 393): Config changed: {1.0 0mcc0mnc en_US sw320dp w320dp h544dp nrml long port finger -keyb/v/h -nav/h s.3 themeResource=null}
I/PowerWidget( 526): Clearing any old widget stuffs
I/PowerWidget( 526): Setting up widget
I/PowerWidget( 526): Button list: toggleWifi|toggleBluetooth|toggleGPS|toggleSound|toggleNetworkMode|toggle Airplane|toggleBrightness|toggleMobileData|toggleAutoRotate|toggleSync
I/SyncButton( 526): Registering sync state listener
W/InputMethodManagerService( 393): Ignoring setImeWindowStatus of uid 1000 token: null
I/ActivityManager( 393): Start proc com.android.inputmethod.latin for service com.android.inputmethod.latin/.LatinIME: pid=573 uid=10027 gids={1028}
I/LocationManagerService( 393): Setting GPS Source to: 0
I/CommonTimeManagementService( 393): No common time service detected on this platform. Common time services will be unavailable.
I/InputReader( 393): Reconfiguring input devices. changes=0x00000020
I/ActivityManager( 393): Start proc com.android.phone for added application com.android.phone: pid=587 uid=1001 gids={3002, 3001, 3003, 1015, 1028}
I/InputReader( 393): Reconfiguring input devices. changes=0x00000010
I/ActivityManager( 393): START {act=android.intent.action.MAIN cat=[android.intent.category.HOME] flg=0x10000000 cmp=com.cyanogenmod.trebuchet/.Launcher u=0} from pid 0
I/ActivityManager( 393): Start proc com.cyanogenmod.trebuchet for activity com.cyanogenmod.trebuchet/.Launcher: pid=602 uid=10008 gids={1028}

W/ThrottleService( 393): unable to find stats for iface rmnet0
I/PowerWidget( 526): Clearing any old widget stuffs
I/SyncButton( 526): Unregistering sync state listener
I/PowerWidget( 526): Setting up widget
I/PowerWidget( 526): Button list: toggleWifi|toggleBluetooth|toggleGPS|toggleSound|toggleNetworkMode|toggle Airplane|toggleBrightness|toggleMobileData|toggleAutoRotate|toggleSync
I/SyncButton( 526): Registering sync state listener
I/ActivityManager( 393): Start proc android.process.media for broadcast com.android.providers.media/.UsbReceiver: pid=622 uid=10023 gids={1015, 1023, 1024, 1028, 2001, 3003, 3007}
I/ActivityThread( 587): Pub telephony: com.android.providers.telephony.TelephonyProvider
D/PhoneStatusBar( 526): disable: < expand icons alerts ticker system_info back home recent clock > D/StorageNotification( 526): Startup with UMS connection false (media state unmounted)
I/StorageNotification( 526): UMS connection changed to false (media state unmounted)
W/TelephonyProvider( 587): onCreate: confFile=/system/etc/apns-conf.xml oldCheckSum=-1
I/ActivityThread( 587): Pub icc: com.android.phone.IccProvider
I/ActivityThread( 587): Pub mms: com.android.providers.telephony.MmsProvider
I/ActivityThread( 587): Pub sms: com.android.providers.telephony.SmsProvider
I/ActivityThread( 587): Pub mms-sms: com.android.providers.telephony.MmsSmsProvider
D/SystemUIService( 526): loading: class com.android.systemui.power.PowerUI
D/SystemUIService( 526): running: com.android.systemui.power.PowerUI@2ba00ed0
D/SystemUIService( 526): loading: class com.android.systemui.media.RingtonePlayer
D/SystemUIService( 526): running: com.android.systemui.media.RingtonePlayer@2ba01d10
I/ActivityThread( 602): Pub com.cyanogenmod.trebuchet.settings: com.cyanogenmod.trebuchet.LauncherProvider
I/ActivityThread( 622): Pub media: com.android.providers.media.MediaProvider
W/SubtypeLocale( 573): KeyboardLayoutSet not found, use QWERTY: locale=hu_ZZ extraValue=AsciiCapable,SupportTouchPositionCorrection
I/ActivityThread( 622): Pub downloads: com.android.providers.downloads.DownloadProvider
D/PhoneStatusBar( 526): addNotification score=-20
I/ActivityThread( 622): Pub drm: com.android.providers.drm.DrmProvider
I/DownloadManager( 622): in removeSpuriousFiles
I/ActivityManager( 393): Start proc com.android.smspush for service com.android.smspush/.WapPushManager: pid=653 uid=10002 gids={1028}
D/dalvikvm( 168): GC_EXPLICIT freed 34K, 74% free 2160K/8195K, paused 1ms+5ms, total 25ms
D/dalvikvm( 168): GC_EXPLICIT freed checking)
V/WiredAccessoryObserver( 393): init()
D/MtpService( 622): onStorageStateChanged /storage/sdcard0 unmounted -> checking
I/StorageNotification( 526): Media {/storage/sdcard0} state changed from {unmounted} -> {checking} (primary = true)
D/MountService( 393): sendStorageIntent Intent { act=android.intent.action.MEDIA_CHECKING dat=file:///storage/sdcard0 (has extras) }
I/ActivityThread( 706): Pub com.google.android.gsf.gservices: com.google.android.gsf.gservices.GservicesProvider
D/PhoneStatusBar( 526): addNotification score=0
I/GservicesProvider( 706): Gservices pushing to system: true; secure: true
D/CAT ( 587): CatService: ril message arrived
D/CAT ( 587): CatService: SESSION END
I/ActivityThread( 706): Pub com.google.android.providers.talk: com.google.android.gsf.talk.TalkProvider
D/LocalBluetoothProfileManager( 718): LocalBluetoothProfileManager construction complete
I/ActivityManager( 393): Start proc com.android.deskclock for broadcast com.android.deskclock/com.android.alarmclock.AnalogAppWidgetProvider: pid=756 uid=10036 gids={1028}

I/ActivityThread( 756): Pub com.android.deskclock: com.android.deskclock.AlarmProvider
W/WVMExtractor( 170): Failed to open libwvm.so
I/ActivityThread( 756): Pub com.android.deskclock.timers: com.android.deskclock.TimersProvider
W/ActivityManager( 393): Permission denied: checkComponentPermission() owningUid=1000
W/BroadcastQueue( 393): Permission Denial: broadcasting Intent { act=android.appwidget.action.APPWIDGET_UPDATE_OPTIONS flg=0x10 cmp=com.android.settings/.widget.SettingsAppWidgetProvider (has extras) } from android (pid=602, uid=10008) is not exported from uid 1000 due to receiver com.android.settings/com.android.settings.widget.SettingsAppWidgetProvide r
D/CAT ( 587): CatService: Return current sInstance
D/SizeAdaptiveLayout( 526): com.android.internal.widget.SizeAdaptiveLayout@2ba4bce0child view android.widget.FrameLayout@2ba4f2c8 measured out of bounds at 95px clamped to 96px
D/NetworkLocationClient( 706): binding to Intent { act=com.google.android.location.internal.ANDROID_NLP pkg=com.google.android.location }
I//system/bin/fsck_msdos( 161): ** /dev/block/vold/179:1
D/CAT ( 587): StkAppService: SET_UP_MENU
D/CAT ( 587): StkAppService: Install App
I/ActivityManager( 393): Start proc com.android.contacts for broadcast com.android.contacts/.calllog.CallLogReceiver: pid=777 uid=10007 gids={3003, 1015, 1028}
I//system/bin/fsck_msdos( 161): Primary/Backup bootblock miscompare
I//system/bin/fsck_msdos( 161): Primary:
I//system/bin/fsck_msdos( 161): 00 02 40 fe 10 02 00 00 00 00 f8 00 00 3f 00 ff 00 00 20 00 00 00 38 f0 00 81 07 00 00 00 00 00 00 02 00 00 00 01 00 06 00 00 00 00 00 00 00 00 00 00 00 00 00 80 00 29 4e 76 42 e6 4d 65 6d 6f 72 79 20 63 61 72 64 46 41 54 33 32 20 20 20
I//system/bin/fsck_msdos( 161): Backup:
I//system/bin/fsck_msdos( 161): 00 02 40 fe 10 02 00 00 00 00 f8 00 00 3f 00 ff 00 00 20 00 00 00 38 f0 00 81 07 00 00 00 00 00 00 02 00 00 00 01 00 06 00 00 00 00 00 00 00 00 00 00 00 00 00 80 00 29 4e 76 42 e6 00 00 00 00 00 00 00 00 00 00 00 46 41 54 33 32 20 20 20
I//system/bin/fsck_msdos( 161): ** Phase 1 - Read and Compare FATs
I//system/bin/fsck_msdos( 161): Attempting to allocate 960 KB for FAT
W/WVMExtractor( 170): Failed to open libwvm.so
I/PhoneApp( 587): Ignoring EVENT_SIM_NETWORK_LOCKED event; not showing 'SIM network unlock' PIN entry screen
D/dalvikvm( 393): GC_FOR_ALLOC freed 732K, 30% free 6319K/8967K, paused 76ms, total 81ms
D/NetworkLocationService( 706): onBind(com.android.location.service.GeocodeProvider) com.google.android.location
I/ActivityManager( 393): Start proc com.bel.android.dspmanager for broadcast com.bel.android.dspmanager/.receiver.BootCompletedReceiver: pid=801 uid=10038 gids={3002, 1028}

D/NetworkLocationService( 706): onBind(com.android.location.service.NetworkLocationProvider) com.google.android.location
I//system/bin/fsck_msdos( 161): Attempting to allocate 960 KB for FAT
D/SyncManager( 393): setSyncAutomatically: provider subscribedfeeds, user 0 -> true
D/SyncManager( 393): setSyncAutomatically: already set to true, doing nothing
D/dalvikvm( 393): GC_FOR_ALLOC freed 164K, 31% free 6299K/9095K, paused 45ms, total 45ms
I/dalvikvm-heap( 393): Grow heap (frag case) to 14.392MB for 142714-byte allocation
W/WVMExtractor( 170): Failed to open libwvm.so
W/WVMExtractor( 170): Failed to open libwvm.so
I/HeadsetService( 801): Starting service.
W/WVMExtractor( 170): Failed to open libwvm.so
I/ActivityManager( 393): Start proc com.google.android.talk for broadcast com.google.android.talk/.videochat.BootCompleteReceiver: pid=828 uid=10054 gids={3003, 1015, 1006, 3002, 1028}
D/NetworkLocationClient( 706): onServiceConnected to ComponentInfo{com.google.android.location/com.google.android.location.int ernal.server.NetworkLocationService}
I/LocationManagerService( 393): request passive (pid 393) 0 0
I/RecoverySystem( 393): No recovery log file
I/BootReceiver( 393): Copying /data/tombstones/tombstone_03 to DropBox (SYSTEM_TOMBSTONE)
I//system/bin/fsck_msdos( 161): ** Phase 2 - Check Cluster Chains
I/BootReceiver( 393): Copying /data/tombstones/tombstone_02 to DropBox (SYSTEM_TOMBSTONE)
I/BootReceiver( 393): Copying /data/tombstones/tombstone_01 to DropBox (SYSTEM_TOMBSTONE)
D/dalvikvm( 393): GC_CONCURRENT freed 1351K, 33% free 7808K/11527K, paused 4ms+14ms, total 83ms
I//system/bin/fsck_msdos( 161): ** Phase 3 - Checking Directories
I/BootReceiver( 393): Copying /data/tombstones/tombstone_00 to DropBox (SYSTEM_TOMBSTONE)
I/ActivityThread( 828): Pub com.google.android.talk.SuggestionProvider: com.google.android.talk.SuggestionsProvider
D/ConnectivityService( 393): handleInetConditionChange: no active default network - ignore
D/dalvikvm( 393): GC_FOR_ALLOC freed 2450K, 45% free 6409K/11527K, paused 40ms, total 41ms
D/vclib:CallStateClient( 828): startListening
D/AccountTypeManager( 777): Registering 1 extension packages
I/talk ( 828): Refresh the supported camera state
I/ActivityManager( 393): Start proc com.google.android.googlequicksearchbox for broadcast com.google.android.googlequicksearchbox/com.google.android.apps.sidekick. StartUpReceiver: pid=859 uid=10056 gids={3003, 1028, 1007, 3002, 1015}
D/dalvikvm( 393): GC_EXPLICIT freed 222K, 46% free 6290K/11527K, paused 4ms+4ms, total 210ms
D/CAT ( 587): CatService: SIM ready. Reporting STK service running now...

I/AccountTypeManager( 777): Loaded meta-data for 2 account types, 1 accounts in 683ms(wall) 13ms(cpu)
I/talk ( 828): supported front camera true
I/ActivityThread( 859): Pub com.google.android.googlequicksearchbox.google: com.google.android.searchcommon.google.GoogleSuggestionProvider
I/ActivityThread( 859): Pub com.google.android.googlequicksearchbox.AudioProvider: com.google.android.voicesearch.AudioProvider
I/VoiceImeLanguageUpdaterImpl( 859): #internalUpdateLanguages #73
I/ActivityManager( 393): Start proc com.google.android.gsf.login for service com.google.android.gsf.login/com.google.android.gsf.loginservice.GoogleLo ginService: pid=890 uid=10059 gids={3003, 1015, 1028, 1007, 2001, 3006}
I/ActivityManager( 393): Start proc com.google.android.onetimeinitializer for broadcast com.google.android.onetimeinitializer/.OneTimeInitializerReceiver: pid=907 uid=10058 gids={1028}
V/OneTimeInitializerReceiver( 907): OneTimeInitializerReceiver.onReceive
V/OneTimeService( 907): OneTimeService.onHandleIntent
I/ActivityManager( 393): Start proc com.google.android.partnersetup for content provider com.google.android.partnersetup/.RlzAppProvider: pid=927 uid=10063 gids={3003, 1028}
D/dalvikvm( 168): GC_EXPLICIT freed 38K, 74% free 2160K/8195K, paused 2ms+9ms, total 31ms
D/dalvikvm( 168): GC_EXPLICIT freed mounted)
E/VoldConnector( 393): NDC Command {3 volume mount /storage/sdcard0} took too long (6974ms)
I/StorageNotification( 526): Media {/storage/sdcard0} state changed from {checking} -> {mounted} (primary = true)
D/MountService( 393): sendStorageIntent Intent { act=android.intent.action.MEDIA_MOUNTED dat=file:///storage/sdcard0 (has extras) }
D/MtpService( 622): onStorageStateChanged /storage/sdcard0 checking -> mounted
D/MtpService( 622): addStorageLocked 65537 /storage/sdcard0
I/ActivityThread( 1094): Pub com.android.calendar: com.android.providers.calendar.CalendarProvider2
D/VoldCmdListener( 161): asec list
I/ActivityManager( 393): Start proc com.cyanogenmod.updater for broadcast com.cyanogenmod.updater/.receiver.UpdateCheckReceiver: pid=1109 uid=10044 gids={3003, 1015, 2001, 1028}
V/KeyguardViewManager( 393): KGVM: Set visibility on com.android.internal.policy.impl.KeyguardViewManager$KeyguardViewHost@2bb 19318 to 6291456
D/PhoneStatusBar( 526): disable: < expand icons alerts ticker system_info back home RECENT* clock > V/LockPatternKeyguardView( 393): Set visibility on com.android.internal.policy.impl.LockPatternKeyguardView$5@2baf7750 to 8388608
I/SurfaceFlinger( 167): Boot is finished (24874 ms)
I/UpdateCheckReceiver( 1109): Scheduling future, repeating update checks.
I/BootReceiver( 393): Starting Ant Hal Service

I/ActivityManager( 393): Start proc com.android.vending for broadcast com.android.vending/com.google.android.finsky.receivers.BootCompletedRece iver: pid=1143 uid=10057 gids={3003, 1015, 1028}
V/LockPatternKeyguardView( 393): Set visibility on com.android.internal.policy.impl.LockPatternKeyguardView$5@2baf7750 to 8388608
D/PhoneStatusBar( 526): disable: < expand icons alerts ticker system_info BACK* HOME* RECENT CLOCK* > I/AntHal ( 393): starting up...
D/AntHalService( 393): AntHal started
I/AntHal ( 393): local server started, socket name = antradio.socket
D/AntHal ( 393): waiting for new client
I/ActivityThread( 1143): Pub com.google.android.finsky.QSBSuggestionsProvider2: com.google.android.finsky.providers.QSBSuggestionsProvider
I/ActivityThread( 1143): Pub com.google.android.finsky.AppIconProvider: com.google.android.finsky.providers.AppIconProvider
I/ActivityThread( 1143): Pub com.google.android.finsky.RecentSuggestionsProvider: com.google.android.finsky.providers.RecentSuggestionsProvider
E/VoldConnector( 393): NDC Command {4 asec list} took too long (739ms)
D/VoldCmdListener( 161): asec fspath com.google.android.apps.authenticator2-1
D/VoldCmdListener( 161): asec path com.google.android.apps.authenticator2-1
D/VoldCmdListener( 161): asec fspath polis.app.callrecorder-1
D/VoldCmdListener( 161): asec path polis.app.callrecorder-1
D/VoldCmdListener( 161): asec fspath lk.dialog.wifi-1
D/VoldCmdListener( 161): asec path lk.dialog.wifi-1
D/VoldCmdListener( 161): asec fspath com.facebook.katana-1
D/VoldCmdListener( 161): asec path com.facebook.katana-1
D/ExchangeService( 1023): !!! EAS ExchangeService, onStartCommand, startingUp = true, running = false
D/VoldCmdListener( 161): asec mount com.facebook.katana-1 {} 1000
D/VoldCmdListener( 161): asec path com.facebook.katana-1
D/AlarmManagerService( 393): Kernel timezone updated to -330 minutes west of GMT
D/SystemClock( 587): Setting time of day to sec=1359737331
D/Finsky ( 1143): [1] FinskyApp.onCreate: Initializing network with DFE https://android.clients.google.com/fdfe/
D/Finsky ( 1143): [1] DailyHygiene.goMakeHygieneIfDirty: No need to run daily hygiene.
D/Volley ( 1143): [106] DiskBasedCache.clear: Cache cleared.
I/ActivityManager( 393): Start proc com.fjsoft.myphoneexplorer.client for broadcast com.fjsoft.myphoneexplorer.client/com.fjsoft.myphoneexplorer.tasks.Remind er: pid=1193 uid=10068 gids={3003, 1015, 3002, 1028}
I/dalvikvm( 1193): Turning on JNI app bug workarounds for target SDK version 11...
D/Volley ( 1143): [110] DiskBasedCache.clear: Cache cleared.
I/ActivityThread( 1193): Pub com.fjsoft.myphoneexplorer.tasks: com.fjsoft.myphoneexplorer.tasks.TaskProvider
I/ActivityThread( 1193): Pub com.fjsoft.myphoneexplorer.notes: com.fjsoft.myphoneexplorer.notes.NoteSearchProvider

I/CalendarProvider2( 1094): Sending notification intent: Intent { act=android.intent.action.PROVIDER_CHANGED dat=content://com.android.calendar }
W/ContentResolver( 1094): Failed to get type for: content://com.android.calendar (Unknown URL content://com.android.calendar)
D/mpeTasks( 1193): onReceive (Reminder) android.intent.action.BOOT_COMPLETED
I/ActivityManager( 393): No longer want com.google.android.onetimeinitializer (pid 907): hidden #16
I/ActivityManager( 393): No longer want com.android.contacts (pid 777): hidden #17
I/ActivityManager( 393): No longer want com.dsi.ant.service.socket (pid 956): hidden #16
D/dalvikvm( 393): GC_CONCURRENT freed 1595K, 43% free 6666K/11527K, paused 8ms+7ms, total 61ms
I/ActivityManager( 393): Start proc com.android.gallery3d for broadcast com.android.gallery3d/.app.PackagesMonitor: pid=1208 uid=10030 gids={1006, 3003, 1015, 1028}
D/dalvikvm( 168): GC_EXPLICIT freed 37K, 74% free 2160K/8195K, paused 1ms+18ms, total 33ms
D/dalvikvm( 168): GC_EXPLICIT freed
D/AudioHardware7x30( 170): value of device and enable is 2 1 ALSA dev id:15
D/PhoneStatusBar( 526): disable: < expand icons alerts ticker system_info back* home* recent clock* > D/AudioHardware7x30( 170): msm_route_stream(PCM_PLAY,5,15,1)
D/dalvikvm( 622): GC_CONCURRENT freed 1826K, 71% free 2435K/8195K, paused 3ms+2ms, total 22ms
W/MediaScanner( 622): Error opening directory '/storage/sdcard0/.android_secure/', skipping: Permission denied.
D/dalvikvm( 393): GC_EXPLICIT freed 1557K, 43% free 6654K/11527K, paused 2ms+4ms, total 59ms
D/dalvikvm( 622): GC_EXPLICIT freed 381K, 70% free 2535K/8195K, paused 1ms+3ms, total 25ms
D/dalvikvm( 393): GC_EXPLICIT freed 142K, 43% free 6628K/11527K, paused 2ms+4ms, total 54ms
D/dalvikvm( 393): GC_EXPLICIT freed 115K, 43% free 6629K/11527K, paused 3ms+4ms, total 54ms
D/dalvikvm( 622): GC_EXPLICIT freed 627K, 68% free 2643K/8195K, paused 2ms+4ms, total 29ms
D/dalvikvm( 393): GC_EXPLICIT freed 116K, 43% free 6628K/11527K, paused 3ms+3ms, total 53ms
D/dalvikvm( 393): GC_EXPLICIT freed 115K, 43% free 6629K/11527K, paused 2ms+4ms, total 54ms
D/dalvikvm( 622): GC_EXPLICIT freed 734K, 68% free 2639K/8195K, paused 2ms+4ms, total 28ms
D/AudioHardware7x30( 170): AudioStreamOutMSM7x30::standby()
D/AudioHardware7x30( 170): Deroute pcm out stream
E/AudioHardware7x30( 170): updateDeviceInfo: E rx_device 2 and tx_device 3

D/AudioHardware7x30( 170): No active voicecall/playback, disabling cur_rx 2
D/AudioHardware7x30( 170): value of device and enable is 2 0 ALSA dev id:15
D/AudioHardware7x30( 170): No active voicecall/recording, disabling cur_tx 3
D/AudioHardware7x30( 170): value of device and enable is 3 0 ALSA dev id:12
E/AudioHardware7x30( 170): updateDeviceInfo: X cur_rx 2 cur_tx 3
D/dalvikvm( 393): GC_EXPLICIT freed 116K, 43% free 6628K/11527K, paused 2ms+4ms, total 52ms
D/dalvikvm( 393): GC_EXPLICIT freed 115K, 43% free 6629K/11527K, paused 3ms+4ms, total 53ms
D/dalvikvm( 622): GC_EXPLICIT freed 745K, 68% free 2631K/8195K, paused 2ms+4ms, total 32ms
D/dalvikvm( 393): GC_EXPLICIT freed 131K, 43% free 6629K/11527K, paused 3ms+4ms, total 54ms
D/dalvikvm( 393): GC_EXPLICIT freed 159K, 43% free 6631K/11527K, paused 2ms+4ms, total 54ms
D/dalvikvm( 622): GC_EXPLICIT freed 694K, 68% free 2635K/8195K, paused 2ms+6ms, total 39ms
D/dalvikvm( 393): GC_EXPLICIT freed 127K, 43% free 6634K/11527K, paused 3ms+4ms, total 53ms
D/dalvikvm( 393): GC_EXPLICIT freed 117K, 43% free 6633K/11527K, paused 2ms+4ms, total 52ms
D/dalvikvm( 622): GC_EXPLICIT freed 710K, 68% free 2629K/8195K, paused 2ms+5ms, total 28ms
D/dalvikvm( 393): GC_EXPLICIT freed 115K, 43% free 6634K/11527K, paused 3ms+4ms, total 53ms
D/dalvikvm( 393): GC_EXPLICIT freed 116K, 43% free 6633K/11527K, paused 2ms+4ms, total 53ms
D/dalvikvm( 622): GC_EXPLICIT freed 704K, 68% free 2630K/8195K, paused 2ms+4ms, total 28ms
D/dalvikvm( 393): GC_EXPLICIT freed 115K, 43% free 6633K/11527K, paused 3ms+4ms, total 53ms
D/dalvikvm( 622): null clazz in OP_INSTANCE_OF, single-stepping
D/dalvikvm( 393): GC_EXPLICIT freed 116K, 43% free 6633K/11527K, paused 2ms+4ms, total 53ms
D/dalvikvm( 622): GC_EXPLICIT freed 702K, 68% free 2630K/8195K, paused 1ms+4ms, total 28ms
D/dalvikvm( 393): GC_EXPLICIT freed 115K, 43% free 6634K/11527K, paused 2ms+4ms, total 52ms
D/dalvikvm( 393): GC_EXPLICIT freed 116K, 43% free 6633K/11527K, paused 3ms+4ms, total 53ms
D/dalvikvm( 622): GC_EXPLICIT freed 702K, 68% free 2630K/8195K, paused 2ms+4ms, total 29ms
D/dalvikvm( 393): GC_EXPLICIT freed 115K, 43% free 6633K/11527K, paused 2ms+4ms, total 53ms
D/dalvikvm( 393): GC_EXPLICIT freed 116K, 43% free 6633K/11527K, paused 3ms+4ms, total 53ms
D/dalvikvm( 622): GC_EXPLICIT freed 704K, 68% free 2636K/8195K, paused 2ms+4ms, total 29ms
D/dalvikvm( 393): GC_EXPLICIT freed 115K, 43% free 6633K/11527K, paused 2ms+4ms, total 52ms

D/dalvikvm( 393): GC_EXPLICIT 2ms+4ms, total 52ms
D/dalvikvm( 622): GC_EXPLICIT 2ms+5ms, total 29ms
D/dalvikvm( 393): GC_EXPLICIT 3ms+4ms, total 53ms
D/dalvikvm( 393): GC_EXPLICIT 2ms+4ms, total 52ms
D/dalvikvm( 622): GC_EXPLICIT 1ms+5ms, total 28ms
D/dalvikvm( 393): GC_EXPLICIT 3ms+4ms, total 53ms
D/dalvikvm( 393): GC_EXPLICIT 2ms+4ms, total 53ms
D/dalvikvm( 622): GC_EXPLICIT 1ms+4ms, total 28ms
D/dalvikvm( 393): GC_EXPLICIT 2ms+4ms, total 52ms
D/dalvikvm( 393): GC_EXPLICIT 2ms+4ms, total 52ms
D/dalvikvm( 622): GC_EXPLICIT 1ms+4ms, total 28ms
D/dalvikvm( 393): GC_EXPLICIT 2ms+4ms, total 52ms
D/dalvikvm( 393): GC_EXPLICIT 2ms+4ms, total 52ms
D/dalvikvm( 622): GC_EXPLICIT 2ms+4ms, total 28ms
D/dalvikvm( 393): GC_EXPLICIT 2ms+5ms, total 53ms
D/dalvikvm( 393): GC_EXPLICIT 2ms+4ms, total 53ms
D/dalvikvm( 622): GC_EXPLICIT 2ms+5ms, total 28ms
D/dalvikvm( 393): GC_EXPLICIT 2ms+4ms, total 52ms
D/dalvikvm( 393): GC_EXPLICIT 2ms+4ms, total 52ms
D/dalvikvm( 622): GC_EXPLICIT 2ms+4ms, total 28ms
D/dalvikvm( 393): GC_EXPLICIT 2ms+4ms, total 53ms
D/dalvikvm( 393): GC_EXPLICIT 2ms+4ms, total 53ms
D/dalvikvm( 622): GC_EXPLICIT 2ms+4ms, total 29ms
D/dalvikvm( 393): GC_EXPLICIT 3ms+4ms, total 53ms
D/dalvikvm( 393): GC_EXPLICIT 3ms+4ms, total 53ms
D/dalvikvm( 622): GC_EXPLICIT 2ms+4ms, total 28ms
D/dalvikvm( 393): GC_EXPLICIT 2ms+4ms, total 52ms

freed 116K, 43% free 6633K/11527K, paused freed 711K, 68% free 2650K/8195K, paused freed 115K, 43% free 6633K/11527K, paused freed 119K, 43% free 6633K/11527K, paused freed 725K, 68% free 2650K/8195K, paused freed 115K, 43% free 6634K/11527K, paused freed 116K, 43% free 6633K/11527K, paused freed 725K, 68% free 2650K/8195K, paused freed 115K, 43% free 6634K/11527K, paused freed 116K, 43% free 6633K/11527K, paused freed 724K, 68% free 2648K/8195K, paused freed 115K, 43% free 6634K/11527K, paused freed 117K, 43% free 6633K/11527K, paused freed 744K, 68% free 2632K/8195K, paused freed 115K, 43% free 6634K/11527K, paused freed 116K, 43% free 6633K/11527K, paused freed 729K, 68% free 2647K/8195K, paused freed 115K, 43% free 6634K/11527K, paused freed 116K, 43% free 6633K/11527K, paused freed 752K, 68% free 2648K/8195K, paused freed 115K, 43% free 6634K/11527K, paused freed 116K, 43% free 6633K/11527K, paused freed 734K, 68% free 2641K/8195K, paused freed 115K, 43% free 6634K/11527K, paused freed 116K, 43% free 6633K/11527K, paused freed 714K, 68% free 2641K/8195K, paused freed 115K, 43% free 6634K/11527K, paused

D/dalvikvm( 393): GC_EXPLICIT freed 116K, 43% free 6633K/11527K, paused 3ms+4ms, total 53ms
D/dalvikvm( 622): GC_EXPLICIT freed 693K, 68% free 2643K/8195K, paused 2ms+4ms, total 28ms
D/dalvikvm( 393): GC_EXPLICIT freed 115K, 43% free 6634K/11527K, paused 3ms+4ms, total 54ms
D/dalvikvm( 393): GC_EXPLICIT freed 116K, 43% free 6633K/11527K, paused 2ms+4ms, total 52ms
D/dalvikvm( 622): GC_EXPLICIT freed 698K, 68% free 2630K/8195K, paused 1ms+4ms, total 28ms
D/dalvikvm( 393): GC_EXPLICIT freed 115K, 43% free 6633K/11527K, paused 2ms+4ms, total 53ms
D/dalvikvm( 393): GC_EXPLICIT freed 116K, 43% free 6633K/11527K, paused 2ms+4ms, total 53ms
D/dalvikvm( 622): GC_EXPLICIT freed 685K, 68% free 2630K/8195K, paused 2ms+4ms, total 28ms
D/dalvikvm( 393): GC_EXPLICIT freed 115K, 43% free 6633K/11527K, paused 3ms+4ms, total 53ms
W/Finsky ( 1143): [1] LibraryUpdateListener.onErrorResponse: Library replication failed: com.android.volley.NoConnectionError: java.net.UnknownHostException: Unable to resolve host "android.clients.google.com": No address associated with hostname
D/dalvikvm( 393): GC_EXPLICIT freed 131K, 43% free 6638K/11527K, paused 2ms+4ms, total 52ms
D/dalvikvm( 622): GC_EXPLICIT freed 686K, 68% free 2630K/8195K, paused 2ms+4ms, total 28ms
D/dalvikvm( 393): GC_EXPLICIT freed 117K, 43% free 6637K/11527K, paused 2ms+4ms, total 52ms
D/dalvikvm( 393): GC_EXPLICIT freed 115K, 43% free 6637K/11527K, paused 2ms+3ms, total 52ms
D/dalvikvm( 622): GC_EXPLICIT freed 685K, 68% free 2631K/8195K, paused 1ms+4ms, total 27ms
D/dalvikvm( 393): GC_EXPLICIT freed 116K, 43% free 6637K/11527K, paused 2ms+4ms, total 52ms
D/dalvikvm( 393): GC_EXPLICIT freed 115K, 43% free 6637K/11527K, paused 2ms+3ms, total 52ms
D/dalvikvm( 622): GC_EXPLICIT freed 685K, 68% free 2631K/8195K, paused 1ms+4ms, total 28ms
D/dalvikvm( 393): GC_EXPLICIT freed 116K, 43% free 6636K/11527K, paused 3ms+4ms, total 53ms
W/Finsky ( 1143): [1] LibraryUpdateListener.onErrorResponse: Library replication failed: com.android.volley.NoConnectionError: java.net.UnknownHostException: Unable to resolve host "android.clients.google.com": No address associated with hostname
W/SocketClient( 164): write error (Broken pipe)
D/dalvikvm( 393): GC_EXPLICIT freed 146K, 43% free 6640K/11527K, paused 2ms+4ms, total 56ms
W/Finsky ( 1143): [1] 2.onErrorResponse: Update check failed: com.android.volley.NoConnectionError: java.net.UnknownHostException: Unable to resolve host "android.clients.google.com": No address associated with hostname
D/Finsky ( 1143): [1] DailyHygiene.reschedule: Scheduling new run in 10 minutes (failures=1)

D/dalvikvm( 622): GC_EXPLICIT freed 698K, 68% free 2643K/8195K, paused 1ms+4ms, total 28ms
D/dalvikvm( 393): GC_EXPLICIT freed 140K, 43% free 6641K/11527K, paused 2ms+3ms, total 54ms
D/dalvikvm( 393): GC_EXPLICIT freed 116K, 43% free 6641K/11527K, paused 2ms+4ms, total 52ms
D/dalvikvm( 622): GC_EXPLICIT freed 758K, 68% free 2651K/8195K, paused 2ms+4ms, total 28ms
D/dalvikvm( 393): GC_EXPLICIT freed 116K, 43% free 6640K/11527K, paused 2ms+3ms, total 53ms
D/dalvikvm( 393): GC_EXPLICIT freed 115K, 43% free 6641K/11527K, paused 2ms+4ms, total 53ms
D/dalvikvm( 622): GC_EXPLICIT freed 775K, 68% free 2652K/8195K, paused 2ms+5ms, total 28ms
D/dalvikvm( 393): GC_EXPLICIT freed 117K, 43% free 6641K/11527K, paused 2ms+4ms, total 51ms
D/AccelerometerListener( 587): enable(false)
D/SurfaceFlinger( 167): About to give-up screen, flinger = 0xfb88
V/LockPatternKeyguardView( 393): Set visibility on com.android.internal.policy.impl.LockPatternKeyguardView$5@2bcc8cb0 to 8388608
V/TransportControlView( 393): Create TCV com.android.internal.widget.TransportControlView@2baf0d58
D/dalvikvm( 393): GC_CONCURRENT freed 622K, 32% free 7844K/11527K, paused 3ms+5ms, total 102ms
D/dalvikvm( 393): WAIT_FOR_CONCURRENT_GC blocked 18ms
V/KeyguardViewManager( 393): KGVM: Set visibility on com.android.internal.policy.impl.KeyguardViewManager$KeyguardViewHost@2bb 19318 to 6291456
D/PhoneStatusBar( 526): disable: < expand icons alerts ticker system_info back home RECENT* clock > V/LockPatternKeyguardView( 393): Set visibility on com.android.internal.policy.impl.LockPatternKeyguardView$5@2bcc8cb0 to 8388608
D/PhoneStatusBar( 526): disable: < expand icons alerts ticker system_info BACK* HOME* RECENT CLOCK* > V/LockPatternKeyguardView( 393): Set visibility on com.android.internal.policy.impl.LockPatternKeyguardView$5@2bcc8cb0 to 8388608
D/AccelerometerListener( 587): enable(false)
I/WindowManager( 393): Lock screen displayed!
D/SurfaceFlinger( 167): Screen about to return, flinger = 0xfb88
D/PhoneStatusBar( 526): disable: < expand icons alerts ticker system_info BACK HOME recent* CLOCK > D/AudioHardware7x30( 170): value of device and enable is 2 1 ALSA dev id:15
W/InputMethodManagerService( 393): Window already focused, ignoring focus gain of: com.android.internal.view.IInputMethodClient$Stub$Proxy@2ba59178 attribute=android.view.inputmethod.EditorInfo@2bf326b0
D/PhoneStatusBar( 526): disable: < expand icons alerts ticker system_info back* home* recent clock* > D/AudioHardware7x30( 170): msm_route_stream(PCM_PLAY,5,15,1)
D/AudioHardware7x30( 170): AudioStreamOutMSM7x30::standby()

